he hundreds digit of 1166?
1
What is the tens digit of 4638?
3
What is the units digit of 21521?
1
What is the thousands digit of 31356?
1
What is the units digit of 4963?
3
What is the tens digit of 9301?
0
What is the hundreds digit of 33362?
3
What is the hundreds digit of 409?
4
What is the tens digit of 816?
1
What is the tens digit of 3170?
7
What is the tens digit of 2312?
1
What is the hundreds digit of 907?
9
What is the tens digit of 9319?
1
What is the thousands digit of 65865?
5
What is the hundreds digit of 52668?
6
What is the units digit of 14786?
6
What is the units digit of 1586?
6
What is the units digit of 1384?
4
What is the ten thousands digit of 12224?
1
What is the units digit of 139645?
5
What is the units digit of 6641?
1
What is the ten thousands digit of 26756?
2
What is the hundreds digit of 615?
6
What is the tens digit of 4901?
0
What is the units digit of 11940?
0
What is the hundreds digit of 43487?
4
What is the hundreds digit of 977?
9
What is the hundreds digit of 959?
9
What is the ten thousands digit of 29965?
2
What is the tens digit of 346?
4
What is the thousands digit of 24666?
4
What is the units digit of 22482?
2
What is the units digit of 231?
1
What is the ten thousands digit of 45416?
4
What is the thousands digit of 3693?
3
What is the tens digit of 9778?
7
What is the tens digit of 1125?
2
What is the thousands digit of 2576?
2
What is the hundreds digit of 6672?
6
What is the thousands digit of 1425?
1
What is the thousands digit of 2765?
2
What is the tens digit of 744?
4
What is the thousands digit of 4103?
4
What is the units digit of 2971?
1
What is the hundreds digit of 894?
8
What is the tens digit of 152?
5
What is the units digit of 632?
2
What is the thousands digit of 27326?
7
What is the units digit of 8357?
7
What is the units digit of 91393?
3
What is the tens digit of 20?
2
What is the tens digit of 986?
8
What is the thousands digit of 39071?
9
What is the hundreds digit of 32966?
9
What is the hundreds digit of 11273?
2
What is the hundreds digit of 2037?
0
What is the units digit of 7094?
4
What is the hundreds digit of 6835?
8
What is the units digit of 1395?
5
What is the tens digit of 2486?
8
What is the tens digit of 3753?
5
What is the units digit of 1826?
6
What is the tens digit of 1562?
6
What is the hundreds digit of 174?
1
What is the hundreds digit of 6011?
0
What is the units digit of 4692?
2
What is the tens digit of 3881?
8
What is the units digit of 2053?
3
What is the tens digit of 6928?
2
What is the ten thousands digit of 81089?
8
What is the tens digit of 7560?
6
What is the tens digit of 18801?
0
What is the tens digit of 145?
4
What is the units digit of 16586?
6
What is the units digit of 19170?
0
What is the units digit of 6674?
4
What is the tens digit of 3502?
0
What is the units digit of 4693?
3
What is the ten thousands digit of 26816?
2
What is the thousands digit of 5383?
5
What is the ten thousands digit of 102922?
0
What is the tens digit of 133?
3
What is the hundreds digit of 804?
8
What is the units digit of 1344?
4
What is the tens digit of 144?
4
What is the thousands digit of 3896?
3
What is the ten thousands digit of 119746?
1
What is the hundreds digit of 1947?
9
What is the units digit of 5093?
3
What is the hundreds digit of 379?
3
What is the hundreds digit of 908?
9
What is the hundreds digit of 73518?
5
What is the thousands digit of 38008?
8
What is the tens digit of 9582?
8
What is the tens digit of 4094?
9
What is the thousands digit of 28095?
8
What is the hundreds digit of 1059?
0
What is the thousands digit of 10210?
0
What is the hundreds digit of 621?
6
What is the hundreds digit of 212?
2
What is the tens digit of 86?
8
What is the units digit of 1145?
5
What is the tens digit of 20801?
0
What is the units digit of 3101?
1
What is the ten thousands digit of 12686?
1
What is the ten thousands digit of 75087?
7
What is the units digit of 1215?
5
What is the hundreds digit of 28287?
2
What is the hundreds digit of 4034?
0
What is the hundreds digit of 3882?
8
What is the tens digit of 18316?
1
What is the hundreds digit of 94751?
7
What is the thousands digit of 8902?
8
What is the units digit of 404?
4
What is the thousands digit of 53142?
3
What is the hundreds digit of 3316?
3
What is the hundreds digit of 2271?
2
What is the units digit of 15481?
1
What is the hundred thousands digit of 123246?
1
What is the thousands digit of 1322?
1
What is the thousands digit of 23684?
3
What is the units digit of 94163?
3
What is the hundreds digit of 4776?
7
What is the hundreds digit of 2660?
6
What is the units digit of 56635?
5
What is the tens digit of 522?
2
What is the tens digit of 5039?
3
What is the thousands digit of 4859?
4
What is the hundreds digit of 27104?
1
What is the tens digit of 17142?
4
What is the tens digit of 1682?
8
What is the ten thousands digit of 24295?
2
What is the hundreds digit of 345?
3
What is the units digit of 419?
9
What is the hundreds digit of 4140?
1
What is the thousands digit of 26771?
6
What is the units digit of 75?
5
What is the hundreds digit of 172?
1
What is the units digit of 21679?
9
What is the thousands digit of 2281?
2
What is the thousands digit of 16065?
6
What is the thousands digit of 2298?
2
What is the tens digit of 982?
8
What is the ten thousands digit of 34551?
3
What is the units digit of 1774?
4
What is the hundreds digit of 6039?
0
What is the hundreds digit of 92200?
2
What is the units digit of 18577?
7
What is the units digit of 99833?
3
What is the units digit of 1585?
5
What is the hundreds digit of 19393?
3
What is the tens digit of 608?
0
What is the units digit of 14?
4
What is the units digit of 1781?
1
What is the units digit of 339?
9
What is the thousands digit of 7637?
7
What is the tens digit of 40771?
7
What is the hundred thousands digit of 113358?
1
What is the thousands digit of 9482?
9
What is the units digit of 98181?
1
What is the hundreds digit of 8404?
4
What is the units digit of 9486?
6
What is the hundreds digit of 766?
7
What is the ten thousands digit of 87165?
8
What is the hundreds digit of 903?
9
What is the thousands digit of 13347?
3
What is the tens digit of 1103?
0
What is the units digit of 103972?
2
What is the units digit of 16181?
1
What is the tens digit of 28950?
5
What is the tens digit of 1051?
5
What is the thousands digit of 2364?
2
What is the hundreds digit of 22899?
8
What is the hundreds digit of 2464?
4
What is the tens digit of 186?
8
What is the units digit of 1513?
3
What is the tens digit of 2941?
4
What is the thousands digit of 2758?
2
What is the units digit of 1677?
7
What is the hundreds digit of 9394?
3
What is the hundreds digit of 852?
8
What is the thousands digit of 7388?
7
What is the tens digit of 118402?
0
What is the units digit of 66?
6
What is the tens digit of 3961?
6
What is the thousands digit of 18096?
8
What is the ten thousands digit of 14313?
1
What is the units digit of 135?
5
What is the units digit of 3623?
3
What is the units digit of 822?
2
What is the tens digit of 46976?
7
What is the tens digit of 13397?
9
What is the hundreds digit of 791?
7
What is the tens digit of 53699?
9
What is the units digit of 6962?
2
What is the thousands digit of 2732?
2
What is the ten thousands digit of 75848?
7
What is the units digit of 526?
6
What is the hundreds digit of 314?
3
What is the ten thousands digit of 82381?
8
What is the tens digit of 1123?
2
What is the thousands digit of 1338?
1
What is the tens digit of 1163?
6
What is the hundreds digit of 3677?
6
What is the hundreds digit of 4227?
2
What is the thousands digit of 3016?
3
What is the units digit of 220?
0
What is the thousands digit of 3886?
3
What is the units digit of 38436?
6
What is the hundreds digit of 6118?
1
What is the hundreds digit of 7520?
5
What is the hundreds digit of 155502?
5
What is the ten thousands digit of 50073?
5
What is the units digit of 16153?
3
What is the tens digit of 4375?
7
What is the tens digit of 50275?
7
What is the units digit of 595?
5
What is the thousands digit of 19736?
9
What is the units digit of 7785?
5
What is the units digit of 6438?
8
What is the thousands digit of 4465?
4
What is the hun